of 4487 and 9604.
7
What is the greatest common factor of 29006492 and 388?
388
Calculate the highest common factor of 176 and 743875.
11
What is the highest common factor of 466333 and 353927?
1519
What is the highest common divisor of 10472 and 4750922?
374
Calculate the greatest common divisor of 6691347 and 702.
117
Calculate the greatest common divisor of 21060 and 16886880.
1620
What is the greatest common factor of 5743413 and 3276?
117
What is the highest common factor of 13609781 and 1963?
151
What is the greatest common factor of 385 and 7697800?
55
What is the greatest common factor of 448 and 37386208?
32
Calculate the highest common divisor of 121 and 1295470165.
121
What is the greatest common divisor of 1 and 2465403?
1
Calculate the greatest common factor of 20 and 8800860.
20
Calculate the highest common divisor of 50518916 and 140.
28
Calculate the highest common factor of 33796611 and 4617.
171
What is the greatest common factor of 14868798 and 2838?
258
What is the greatest common divisor of 88 and 1908992888?
88
What is the highest common factor of 18290 and 1704545695?
9145
What is the greatest common factor of 196 and 9413537?
49
What is the highest common divisor of 245136048 and 6232?
328
Calculate the highest common divisor of 120 and 11698360.
40
Calculate the greatest common factor of 14819295 and 90766.
3491
What is the highest common factor of 462 and 76164984?
42
Calculate the greatest common factor of 189 and 96936507.
27
What is the greatest common divisor of 3050 and 741350?
50
What is the greatest common factor of 60 and 147656415?
15
Calculate the highest common divisor of 521755 and 2380.
5
Calculate the highest common divisor of 189888 and 3348754.
1978
What is the highest common factor of 479 and 229406033?
479
What is the highest common factor of 902 and 14603626?
82
Calculate the greatest common divisor of 96905797 and 17.
17
What is the greatest common factor of 6830 and 132983515?
3415
What is the greatest common divisor of 7680552 and 2256?
1128
Calculate the greatest common factor of 186 and 2961678.
186
Calculate the highest common divisor of 6448437 and 41211.
2169
What is the highest common factor of 2752731191 and 5567?
5567
What is the greatest common factor of 16 and 46729440?
16
What is the greatest common divisor of 790224 and 137562?
606
What is the greatest common divisor of 176 and 9914608?
176
What is the highest common divisor of 46 and 65756?
2
Calculate the highest common divisor of 6093482 and 1681622.
6394
Calculate the greatest common factor of 29555 and 33442.
23
Calculate the greatest common divisor of 7989146 and 4598.
242
Calculate the highest common divisor of 169440406 and 926.
926
Calculate the highest common factor of 47409856 and 364.
52
What is the greatest common divisor of 37117771 and 148?
37
Calculate the greatest common factor of 762864 and 2024.
184
Calculate the highest common factor of 7 and 152387018.
7
Calculate the highest common divisor of 66798 and 2475237.
3711
What is the highest common divisor of 5861 and 207971724?
5861
What is the highest common divisor of 3819385 and 13256?
1657
Calculate the greatest common divisor of 4964520 and 2640.
1320
Calculate the highest common divisor of 281108516 and 1352.
676
Calculate the highest common divisor of 68259852 and 8.
4
Calculate the highest common divisor of 434610 and 930.
30
What is the highest common divisor of 28937 and 117401?
19
Calculate the highest common divisor of 195179 and 29039.
71
Calculate the greatest common divisor of 269335118 and 4602.
1534
Calculate the highest common divisor of 1379737 and 7911.
293
Calculate the greatest common factor of 297 and 17516331.
27
What is the greatest common factor of 16383 and 5940171?
381
Calculate the greatest common factor of 11495 and 3313315.
95
What is the highest common factor of 6212 and 352?
4
Calculate the highest common factor of 84099 and 4656.
291
What is the highest common factor of 35525240 and 32040?
3560
Calculate the greatest common divisor of 3935400 and 52800.
600
What is the highest common factor of 629316 and 18036?
108
What is the greatest common divisor of 43981043 and 159?
53
Calculate the greatest common divisor of 110 and 7823233.
11
What is the highest common divisor of 2906574 and 2585?
517
Calculate the greatest common factor of 2000 and 77258.
2
What is the greatest common factor of 7391086 and 7849?
167
Calculate the greatest common divisor of 4613151 and 4602.
177
Calculate the highest common factor of 924714 and 1075266.
738
What is the highest common divisor of 1691 and 16393978?
89
What is the greatest common factor of 501794465 and 285?
95
What is the greatest common divisor of 1802 and 93557084?
106
Calculate the highest common factor of 2560 and 34704.
16
Calculate the highest common divisor of 74176 and 97792.
64
What is the highest common divisor of 3520880 and 54560?
880
What is the highest common divisor of 221 and 600379?
13
Calculate the greatest common factor of 60381 and 354609.
9
What is the greatest common divisor of 156 and 40673208?
12
What is the highest common divisor of 72800 and 5952310?
910
Calculate the greatest common factor of 32085 and 10489005.
1395
What is the greatest common divisor of 90 and 13023435?
15
Calculate the greatest common divisor of 452688 and 4218.
6
What is the highest common factor of 133104 and 24592656?
2256
What is the greatest common divisor of 700089 and 870?
87
What is the highest common factor of 493 and 6373929?
17
Calculate the greatest common divisor of 39696 and 1117277.
827
What is the highest common divisor of 48734824 and 344?
344
What is the greatest common factor of 152929401 and 607?
607
Calculate the greatest common divisor of 582 and 15730587.
291
What is the highest common divisor of 218269 and 226111?
1307
Calculate the greatest common divisor of 29672580 and 1855.
1855
What is the highest common divisor of 10171 and 211?
1
Calculate the highest common factor of 482219 and 266446.
127
What is the greatest common factor of 49220619 and 7770?
777
What is the highest common divisor of 15 and 2558019?
3
What is the greatest common factor of 356497 and 67773?
551
What is the greatest common divisor of 267370 and 810?
10
What is the greatest common divisor of 3161 and 9543552?
29
What is the highest common factor of 8833584 and 304?
16
Calculate the greatest common divisor of 1826462 and 726022.
1342
What is the greatest common divisor of 4361 and 5014562?
49
What is the greatest common divisor of 630692 and 348?
116
Calculate the highest common factor of 13175 and 489025.
775
What is the highest common divisor of 174 and 988404?
6
What is the highest common factor of 12351750 and 100362?
258
What is the greatest common divisor of 1025820 and 86180?
2780
Calculate the highest common factor of 6256 and 17877716.
92
What is the highest common divisor of 9236604 and 936?
156
Calculate the greatest common factor of 728388 and 11412.
36
Calculate the greatest common factor of 11084 and 333149.
17
What is the highest common divisor of 73710527 and 33?
11
Calculate the highest common factor of 105950 and 338.
26
Calculate the highest common divisor of 1805659 and 8749.
673
Calculate the greatest common divisor of 15608156 and 4.
4
What is the highest common factor of 4079372 and 107184?
1276
What is the highest common divisor of 5173945 and 1120?
35
Calculate the greatest common factor of 903892 and 3.
1
What is the highest common factor of 687 and 14671801?
229
What is the highest common factor of 32168270 and 1060?
10
Calculate the greatest common factor of 46422546 and 816.
102
Calculate the highest common divisor of 15048671 and 465.
31
Calculate the highest common divisor of 244440 and 19852.
28
What is the greatest common factor of 415 and 131979545?
415
Calculate the highest common factor of 40282554 and 156.
78
What is the highest common divisor of 260 and 9497228?
52
Calculate the greatest common divisor of 752 and 29478776.
376
What is the highest common divisor of 4554 and 3417156?
414
Calculate the greatest common divisor of 4641 and 32166057.
357
What is the greatest common divisor of 42 and 5936?
14
Calculate the greatest common factor of 22412551 and 49.
4